{"id":3939,"date":"2022-03-21T14:11:07","date_gmt":"2022-03-21T14:11:07","guid":{"rendered":"https:\/\/cafeallgemein.at\/?page_id=3939"},"modified":"2022-06-26T09:51:47","modified_gmt":"2022-06-26T09:51:47","slug":"karte","status":"publish","type":"page","link":"https:\/\/cafeallgemein.at\/?page_id=3939","title":{"rendered":"S\u00dc\u1e9eES"},"content":{"rendered":"<p>[vc_row][vc_column el_class=&#8221;mh-802&#8243; css=&#8221;.vc_custom_1654023345649{margin-top: 60px !important;}&#8221;][vc_row_inner gap=&#8221;10&#8243; row_content_width=&#8221;grid&#8221;][vc_column_inner width=&#8221;7\/12&#8243;]<div class=\"eltdf-image-gallery  eltdf-ig-slider-type eltdf-large-space   eltdf-image-hover-shader\">\n\t<div class=\"eltdf-ig-slider eltdf-owl-slider\" data-number-of-items=\"1\" data-enable-loop=\"yes\" data-enable-autoplay=\"yes\" data-slider-speed=\"5000\" data-slider-speed-animation=\"600\" data-slider-padding=\"no\" data-enable-navigation=\"yes\" data-enable-pagination=\"yes\">\n\t\t\t\t\t<div class=\"eltdf-ig-image\">\n\t\t\t\t\t\t\t\t\t<img loading=\"lazy\" decoding=\"async\" src=\"https:\/\/cafeallgemein.at\/wp-content\/uploads\/2022\/05\/Suses-scaled-770x578.jpg\" alt=\"\" width=\"770\" height=\"578\" \/>\t\t\t\t\t\t\t<\/div>\n\t\t\t\t\t<div class=\"eltdf-ig-image\">\n\t\t\t\t\t\t\t\t\t<img loading=\"lazy\" decoding=\"async\" src=\"https:\/\/cafeallgemein.at\/wp-content\/uploads\/2022\/04\/c-Andrej-Grilc-08536-scaled-770x578.jpg\" alt=\"\" width=\"770\" height=\"578\" \/>\t\t\t\t\t\t\t<\/div>\n\t\t\t<\/div>\n<\/div>[vc_empty_space height=&#8221;20px&#8221;][\/vc_column_inner][vc_column_inner width=&#8221;5\/12&#8243;]<div class=\"eltdf-section-title-holder  \" >\n\t<div class=\"eltdf-st-inner\">\n\t\t\t\t\t<h4 class=\"eltdf-st-title\" >\n\t\t\t\tHastis Torten und Kuchen\t\t\t<\/h4>\n\t\t\t\t\t<\/div>\n<\/div><div class=\"eltdf-section-title-holder  \" style=\"text-align: left\">\n\t<div class=\"eltdf-st-inner\">\n\t\t\t\t\t\t\t<h6 class=\"eltdf-st-text\" >\n\t\t\t\tLassen Sie sich mit unseren hausgemachten Torten und Kuchen verw\u00f6hnen!\nHastis wunderbare Kuchen und Tortenkreationen bieten etwas f\u00fcr jeden Geschmack und alle Bed\u00fcrfnisse: Ob ganz traditionell oder nach Hastis eigenen Rezepten, ob mehl- oder glutenfrei, ob vegan oder nicht. Wir haben auch zuckerfreie Torten im Angebot.<br \/>\nUnd wenn Sie einmal zuhause feiern und etwas S\u00fc\u00dfes zum Mitnehmen bestellen m\u00f6chten: Kein Problem! Einfach zwei Tage vorher per Telefon Bescheid geben und wir backen Ihre Torte oder Ihren Kuchen f\u00fcr Sie!\t\t\t<\/h6>\n\t\t\t<\/div>\n<\/div>[\/vc_column_inner][\/vc_row_inner][\/vc_column][\/vc_row]<\/p>\n","protected":false},"excerpt":{"rendered":"<p>[vc_row][vc_column el_class=&#8221;mh-802&#8243; css=&#8221;.vc_custom_1654023345649{margin-top: 60px !important;}&#8221;][vc_row_inner gap=&#8221;10&#8243; row_content_width=&#8221;grid&#8221;][vc_column_inner width=&#8221;7\/12&#8243;][vc_empty_space height=&#8221;20px&#8221;][\/vc_column_inner][vc_column_inner width=&#8221;5\/12&#8243;][\/vc_column_inner][\/vc_row_inner][\/vc_column][\/vc_row]<\/p>\n","protected":false},"author":1,"featured_media":0,"parent":0,"menu_order":0,"comment_status":"closed","ping_status":"closed","template":"","meta":{"footnotes":""},"class_list":["post-3939","page","type-page","status-publish","hentry"],"_links":{"self":[{"href":"https:\/\/cafeallgemein.at\/index.php?rest_route=\/wp\/v2\/pages\/3939","targetHints":{"allow":["GET"]}}],"collection":[{"href":"https:\/\/cafeallgemein.at\/index.php?rest_route=\/wp\/v2\/pages"}],"about":[{"href":"https:\/\/cafeallgemein.at\/index.php?rest_route=\/wp\/v2\/types\/page"}],"author":[{"embeddable":true,"href":"https:\/\/cafeallgemein.at\/index.php?rest_route=\/wp\/v2\/users\/1"}],"replies":[{"embeddable":true,"href":"https:\/\/cafeallgemein.at\/index.php?rest_route=%2Fwp%2Fv2%2Fcomments&post=3939"}],"version-history":[{"count":40,"href":"https:\/\/cafeallgemein.at\/index.php?rest_route=\/wp\/v2\/pages\/3939\/revisions"}],"predecessor-version":[{"id":5544,"href":"https:\/\/cafeallgemein.at\/index.php?rest_route=\/wp\/v2\/pages\/3939\/revisions\/5544"}],"wp:attachment":[{"href":"https:\/\/cafeallgemein.at\/index.php?rest_route=%2Fwp%2Fv2%2Fmedia&parent=3939"}],"curies":[{"name":"wp","href":"https:\/\/api.w.org\/{rel}","templated":true}]}}

SÜẞES

<p>[vc_row][vc_column el_class=&#8221;mh-802&#8243; css=&#8221;.vc_custom_1654023345649{margin-top: 60px !important;}&#8221;][vc_row_inner gap=&#8221;10&#8243; row_content_width=&#8221;grid&#8221;][vc_column_inner width=&#8221;7/12&#8243;]<div class="eltdf-image-gallery  eltdf-ig-slider-type eltdf-large-space   eltdf-image-hover-shader">
	<div class="eltdf-ig-slider eltdf-owl-slider" data-number-of-items="1" data-enable-loop="yes" data-enable-autoplay="yes" data-slider-speed="5000" data-slider-speed-animation="600" data-slider-padding="no" data-enable-navigation="yes" data-enable-pagination="yes">
					<div class="eltdf-ig-image">
									<img loading="lazy" decoding="async" src="https://cafeallgemein.at/wp-content/uploads/2022/05/Suses-scaled-770x578.jpg" alt="" width="770" height="578" />							</div>
					<div class="eltdf-ig-image">
									<img loading="lazy" decoding="async" src="https://cafeallgemein.at/wp-content/uploads/2022/04/c-Andrej-Grilc-08536-scaled-770x578.jpg" alt="" width="770" height="578" />							</div>
			</div>
</div>[vc_empty_space height=&#8221;20px&#8221;][/vc_column_inner][vc_column_inner width=&#8221;5/12&#8243;]<div class="eltdf-section-title-holder  " >
	<div class="eltdf-st-inner">
					<h4 class="eltdf-st-title" >
				Hastis Torten und Kuchen			</h4>
					</div>
</div><div class="eltdf-section-title-holder  " style="text-align: left">
	<div class="eltdf-st-inner">
							<h6 class="eltdf-st-text" >
				Lassen Sie sich mit unseren hausgemachten Torten und Kuchen verwöhnen!
Hastis wunderbare Kuchen und Tortenkreationen bieten etwas für jeden Geschmack und alle Bedürfnisse: Ob ganz traditionell oder nach Hastis eigenen Rezepten, ob mehl- oder glutenfrei, ob vegan oder nicht. Wir haben auch zuckerfreie Torten im Angebot.<br />
Und wenn Sie einmal zuhause feiern und etwas Süßes zum Mitnehmen bestellen möchten: Kein Problem! Einfach zwei Tage vorher per Telefon Bescheid geben und wir backen Ihre Torte oder Ihren Kuchen für Sie!			</h6>
			</div>
</div>[/vc_column_inner][/vc_row_inner][/vc_column][/vc_row]</p>
