{"id":3712,"date":"2022-03-10T08:58:17","date_gmt":"2022-03-10T08:58:17","guid":{"rendered":"https:\/\/cafeallgemein.at\/?page_id=3712"},"modified":"2022-06-26T09:53:07","modified_gmt":"2022-06-26T09:53:07","slug":"veranstaltungen","status":"publish","type":"page","link":"https:\/\/cafeallgemein.at\/?page_id=3712","title":{"rendered":"Veranstaltungen"},"content":{"rendered":"<p>[vc_row][vc_column el_class=&#8221;mh-802&#8243;][vc_row_inner gap=&#8221;10&#8243; row_content_width=&#8221;grid&#8221;][vc_column_inner width=&#8221;7\/12&#8243;]<div class=\"eltdf-image-gallery  eltdf-ig-slider-type eltdf-large-space   eltdf-image-hover-shader\">\n\t<div class=\"eltdf-ig-slider eltdf-owl-slider\" data-number-of-items=\"1\" data-enable-loop=\"yes\" data-enable-autoplay=\"yes\" data-slider-speed=\"5000\" data-slider-speed-animation=\"600\" data-slider-padding=\"no\" data-enable-navigation=\"yes\" data-enable-pagination=\"yes\">\n\t\t\t\t\t<div class=\"eltdf-ig-image\">\n\t\t\t\t\t\t\t\t\t<img loading=\"lazy\" decoding=\"async\" src=\"https:\/\/cafeallgemein.at\/wp-content\/uploads\/2022\/05\/Veranstaltungen-scaled-770x578.jpg\" alt=\"\" width=\"770\" height=\"578\" \/>\t\t\t\t\t\t\t<\/div>\n\t\t\t<\/div>\n<\/div>[vc_empty_space height=&#8221;20px&#8221;][\/vc_column_inner][vc_column_inner width=&#8221;5\/12&#8243;]<div class=\"eltdf-section-title-holder  \" >\n\t<div class=\"eltdf-st-inner\">\n\t\t\t\t\t<h4 class=\"eltdf-st-title\" >\n\t\t\t\tVeranstaltungen\t\t\t<\/h4>\n\t\t\t\t\t<\/div>\n<\/div>[vc_column_text]<\/p>\n<h6 style=\"text-align: left;\">Das Caf\u00e9 Allgemein bietet auch gerne Platz f\u00fcr Ihre<br \/>\nVeranstaltungen und Feste. Ob Geburtstagsparties, kleine<br \/>\nKulturveranstaltungen, Weihnachtsfeiern oder Flohm\u00e4rkte<br \/>\n\u2026 alles ist m\u00f6glich. Ja, sogar eine Hochzeit wurde schon bei uns gefeiert! Wenn Sie also<br \/>\netwas Besonderes vorhaben, treten Sie einfach mit uns in<br \/>\nKontakt. Wir unterst\u00fctzen Sie gerne bei Ihren Ideen.<\/h6>\n<p>[\/vc_column_text][\/vc_column_inner][\/vc_row_inner][\/vc_column][\/vc_row][vc_row disable_element=&#8221;yes&#8221;][vc_column][vc_row_inner][vc_column_inner][vc_empty_space height=&#8221;300px&#8221;][\/vc_column_inner][\/vc_row_inner][\/vc_column][\/vc_row]<\/p>\n","protected":false},"excerpt":{"rendered":"<p>[vc_row][vc_column el_class=&#8221;mh-802&#8243;][vc_row_inner gap=&#8221;10&#8243; row_content_width=&#8221;grid&#8221;][vc_column_inner width=&#8221;7\/12&#8243;][vc_empty_space height=&#8221;20px&#8221;][\/vc_column_inner][vc_column_inner width=&#8221;5\/12&#8243;][vc_column_text] Das Caf\u00e9 Allgemein bietet auch gerne Platz f\u00fcr Ihre Veranstaltungen und Feste. Ob Geburtstagsparties, kleine Kulturveranstaltungen, Weihnachtsfeiern oder Flohm\u00e4rkte \u2026 alles ist m\u00f6glich. Ja, sogar eine Hochzeit wurde schon bei uns gefeiert! Wenn Sie also etwas Besonderes vorhaben, treten Sie einfach mit uns in Kontakt. Wir unterst\u00fctzen Sie gerne bei Ihren Ideen. [\/vc_column_text][\/vc_column_inner][\/vc_row_inner][\/vc_column][\/vc_row][vc_row disable_element=&#8221;yes&#8221;][vc_column][vc_row_inner][vc_column_inner][vc_empty_space height=&#8221;300px&#8221;][\/vc_column_inner][\/vc_row_inner][\/vc_column][\/vc_row]<\/p>\n","protected":false},"author":1,"featured_media":0,"parent":0,"menu_order":0,"comment_status":"closed","ping_status":"closed","template":"","meta":{"footnotes":""},"class_list":["post-3712","page","type-page","status-publish","hentry"],"_links":{"self":[{"href":"https:\/\/cafeallgemein.at\/index.php?rest_route=\/wp\/v2\/pages\/3712","targetHints":{"allow":["GET"]}}],"collection":[{"href":"https:\/\/cafeallgemein.at\/index.php?rest_route=\/wp\/v2\/pages"}],"about":[{"href":"https:\/\/cafeallgemein.at\/index.php?rest_route=\/wp\/v2\/types\/page"}],"author":[{"embeddable":true,"href":"https:\/\/cafeallgemein.at\/index.php?rest_route=\/wp\/v2\/users\/1"}],"replies":[{"embeddable":true,"href":"https:\/\/cafeallgemein.at\/index.php?rest_route=%2Fwp%2Fv2%2Fcomments&post=3712"}],"version-history":[{"count":34,"href":"https:\/\/cafeallgemein.at\/index.php?rest_route=\/wp\/v2\/pages\/3712\/revisions"}],"predecessor-version":[{"id":5543,"href":"https:\/\/cafeallgemein.at\/index.php?rest_route=\/wp\/v2\/pages\/3712\/revisions\/5543"}],"wp:attachment":[{"href":"https:\/\/cafeallgemein.at\/index.php?rest_route=%2Fwp%2Fv2%2Fmedia&parent=3712"}],"curies":[{"name":"wp","href":"https:\/\/api.w.org\/{rel}","templated":true}]}}

<p>[vc_row][vc_column el_class=&#8221;mh-802&#8243;][vc_row_inner gap=&#8221;10&#8243; row_content_width=&#8221;grid&#8221;][vc_column_inner width=&#8221;7/12&#8243;]<div class="eltdf-image-gallery  eltdf-ig-slider-type eltdf-large-space   eltdf-image-hover-shader">
	<div class="eltdf-ig-slider eltdf-owl-slider" data-number-of-items="1" data-enable-loop="yes" data-enable-autoplay="yes" data-slider-speed="5000" data-slider-speed-animation="600" data-slider-padding="no" data-enable-navigation="yes" data-enable-pagination="yes">
					<div class="eltdf-ig-image">
									<img loading="lazy" decoding="async" src="https://cafeallgemein.at/wp-content/uploads/2022/05/Veranstaltungen-scaled-770x578.jpg" alt="" width="770" height="578" />							</div>
			</div>
</div>[vc_empty_space height=&#8221;20px&#8221;][/vc_column_inner][vc_column_inner width=&#8221;5/12&#8243;]<div class="eltdf-section-title-holder  " >
	<div class="eltdf-st-inner">
					<h4 class="eltdf-st-title" >
				Veranstaltungen			</h4>
					</div>
</div>[vc_column_text]</p>
<h6 style="text-align: left;">Das Café Allgemein bietet auch gerne Platz für Ihre<br />
Veranstaltungen und Feste. Ob Geburtstagsparties, kleine<br />
Kulturveranstaltungen, Weihnachtsfeiern oder Flohmärkte<br />
… alles ist möglich. Ja, sogar eine Hochzeit wurde schon bei uns gefeiert! Wenn Sie also<br />
etwas Besonderes vorhaben, treten Sie einfach mit uns in<br />
Kontakt. Wir unterstützen Sie gerne bei Ihren Ideen.</h6>
<p>[/vc_column_text][/vc_column_inner][/vc_row_inner][/vc_column][/vc_row][vc_row disable_element=&#8221;yes&#8221;][vc_column][vc_row_inner][vc_column_inner][vc_empty_space height=&#8221;300px&#8221;][/vc_column_inner][/vc_row_inner][/vc_column][/vc_row]</p>

<p>[vc_row][vc_column el_class=&#8221;mh-802&#8243;][vc_row_inner gap=&#8221;10&#8243; row_content_width=&#8221;grid&#8221;][vc_column_inner width=&#8221;7/12&#8243;][vc_empty_space height=&#8221;20px&#8221;][/vc_column_inner][vc_column_inner width=&#8221;5/12&#8243;][vc_column_text] Das Café Allgemein bietet auch gerne Platz für Ihre Veranstaltungen und Feste. Ob Geburtstagsparties, kleine Kulturveranstaltungen, Weihnachtsfeiern oder Flohmärkte … alles ist möglich. Ja, sogar eine Hochzeit wurde schon bei uns gefeiert! Wenn Sie also etwas Besonderes vorhaben, treten Sie einfach mit uns in Kontakt. Wir unterstützen Sie gerne bei Ihren Ideen. [/vc_column_text][/vc_column_inner][/vc_row_inner][/vc_column][/vc_row][vc_row disable_element=&#8221;yes&#8221;][vc_column][vc_row_inner][vc_column_inner][vc_empty_space height=&#8221;300px&#8221;][/vc_column_inner][/vc_row_inner][/vc_column][/vc_row]</p>
