{"id":3531,"date":"2022-03-08T21:10:31","date_gmt":"2022-03-08T21:10:31","guid":{"rendered":"https:\/\/cafeallgemein.at\/?page_id=3531"},"modified":"2022-07-05T08:21:19","modified_gmt":"2022-07-05T08:21:19","slug":"bakery","status":"publish","type":"page","link":"https:\/\/cafeallgemein.at\/?page_id=3531","title":{"rendered":"Brotocnik Brot"},"content":{"rendered":"<p>[vc_row][vc_column css=&#8221;.vc_custom_1653135868715{background-image: url(https:\/\/cafeallgemein.at\/wp-content\/uploads\/revslider\/landing-bakcground-img-1.jpg?id=3334) !important;}&#8221;][vc_row_inner][vc_column_inner width=&#8221;1\/2&#8243;][vc_column_text]<\/p>\r\n<p style=\"text-align: center; display: flex; justify-content: center;\"><a href=\"https:\/\/cafeallgemein.at\/wp-content\/uploads\/2022\/05\/produktliste-A4-BROTocnik-ohne-Preise.pdf\" class=\"pdfemb-viewer\" style=\"width: 500px; height: 700px; \" data-width=\"500\" data-height=\"700\"  data-toolbar=\"bottom\" data-toolbar-fixed=\"on\">produktliste-A4-BROTocnik-ohne-Preise<br\/><\/a><\/p>\r\n<p>[\/vc_column_text][vc_empty_space height=&#8221;20px&#8221;][\/vc_column_inner][vc_column_inner width=&#8221;1\/2&#8243; css=&#8221;.vc_custom_1656166010094{padding-right: 40px !important;padding-left: 40px !important;}&#8221;]<div class=\"eltdf-section-title-holder  \" >\n\t<div class=\"eltdf-st-inner\">\n\t\t\t\t\t<h4 class=\"eltdf-st-title\" >\n\t\t\t\tBrotocnik Brot\t\t\t<\/h4>\n\t\t\t\t\t<\/div>\n<\/div>[vc_column_text]<\/p>\r\n<h6>Hier im Caf\u00e8 Allgemein, k\u00f6nnen Sie nat\u00fcrlich auch<br \/>Brotocnik \u2013 Brot kaufen. Wir haben immer eine kleine<br \/>Auswahl vorr\u00e4tig. Jedes andere Brot aus dem Prospekt<br \/>k\u00f6nnen Sie ein Tag vorher bei uns vorbestellen.<\/h6>\r\n<h6>Unter:<\/h6>\r\n<h6><a href=\"mailto:kontakt@cafeallgemein.at\" target=\"_blank\" rel=\"noopener\">kontakt@cafeallgemein.at<\/a><\/h6>\r\n<h6>oder:<\/h6>\r\n<h6>+43 19605790<\/h6>\r\n<h6>+43 660 6808940<\/h6>\r\n<p>[\/vc_column_text][\/vc_column_inner][\/vc_row_inner][\/vc_column][\/vc_row][vc_row disable_element=&#8221;yes&#8221;][vc_column][vc_row_inner][vc_column_inner el_class=&#8221;fcc&#8221;][\/vc_column_inner][\/vc_row_inner][\/vc_column][\/vc_row]<\/p>","protected":false},"excerpt":{"rendered":"<p>[vc_row][vc_column css=&#8221;.vc_custom_1653135868715{background-image: url(https:\/\/cafeallgemein.at\/wp-content\/uploads\/revslider\/landing-bakcground-img-1.jpg?id=3334) !important;}&#8221;][vc_row_inner][vc_column_inner width=&#8221;1\/2&#8243;][vc_column_text] [\/vc_column_text][vc_empty_space height=&#8221;20px&#8221;][\/vc_column_inner][vc_column_inner width=&#8221;1\/2&#8243; css=&#8221;.vc_custom_1656166010094{padding-right: 40px !important;padding-left: 40px !important;}&#8221;][vc_column_text] Hier im Caf\u00e8 Allgemein, k\u00f6nnen Sie nat\u00fcrlich auchBrotocnik \u2013 Brot kaufen. Wir haben immer eine kleineAuswahl vorr\u00e4tig. Jedes andere Brot aus dem Prospektk\u00f6nnen Sie ein Tag vorher bei uns vorbestellen. Unter: kontakt@cafeallgemein.at oder: +43 19605790 +43 660 6808940 [\/vc_column_text][\/vc_column_inner][\/vc_row_inner][\/vc_column][\/vc_row][vc_row disable_element=&#8221;yes&#8221;][vc_column][vc_row_inner][vc_column_inner el_class=&#8221;fcc&#8221;][\/vc_column_inner][\/vc_row_inner][\/vc_column][\/vc_row]<\/p>\n","protected":false},"author":1,"featured_media":0,"parent":0,"menu_order":0,"comment_status":"closed","ping_status":"closed","template":"","meta":{"footnotes":""},"class_list":["post-3531","page","type-page","status-publish","hentry"],"_links":{"self":[{"href":"https:\/\/cafeallgemein.at\/index.php?rest_route=\/wp\/v2\/pages\/3531","targetHints":{"allow":["GET"]}}],"collection":[{"href":"https:\/\/cafeallgemein.at\/index.php?rest_route=\/wp\/v2\/pages"}],"about":[{"href":"https:\/\/cafeallgemein.at\/index.php?rest_route=\/wp\/v2\/types\/page"}],"author":[{"embeddable":true,"href":"https:\/\/cafeallgemein.at\/index.php?rest_route=\/wp\/v2\/users\/1"}],"replies":[{"embeddable":true,"href":"https:\/\/cafeallgemein.at\/index.php?rest_route=%2Fwp%2Fv2%2Fcomments&post=3531"}],"version-history":[{"count":47,"href":"https:\/\/cafeallgemein.at\/index.php?rest_route=\/wp\/v2\/pages\/3531\/revisions"}],"predecessor-version":[{"id":5553,"href":"https:\/\/cafeallgemein.at\/index.php?rest_route=\/wp\/v2\/pages\/3531\/revisions\/5553"}],"wp:attachment":[{"href":"https:\/\/cafeallgemein.at\/index.php?rest_route=%2Fwp%2Fv2%2Fmedia&parent=3531"}],"curies":[{"name":"wp","href":"https:\/\/api.w.org\/{rel}","templated":true}]}}

<p>[vc_row][vc_column css=&#8221;.vc_custom_1653135868715{background-image: url(https://cafeallgemein.at/wp-content/uploads/revslider/landing-bakcground-img-1.jpg?id=3334) !important;}&#8221;][vc_row_inner][vc_column_inner width=&#8221;1/2&#8243;][vc_column_text]</p>
<p style="text-align: center; display: flex; justify-content: center;"><a href="https://cafeallgemein.at/wp-content/uploads/2022/05/produktliste-A4-BROTocnik-ohne-Preise.pdf" class="pdfemb-viewer" style="width: 500px; height: 700px; " data-width="500" data-height="700"  data-toolbar="bottom" data-toolbar-fixed="on">produktliste-A4-BROTocnik-ohne-Preise<br/></a></p>
<p>[/vc_column_text][vc_empty_space height=&#8221;20px&#8221;][/vc_column_inner][vc_column_inner width=&#8221;1/2&#8243; css=&#8221;.vc_custom_1656166010094{padding-right: 40px !important;padding-left: 40px !important;}&#8221;]<div class="eltdf-section-title-holder  " >
	<div class="eltdf-st-inner">
					<h4 class="eltdf-st-title" >
				Brotocnik Brot			</h4>
					</div>
</div>[vc_column_text]</p>
<h6>Hier im Cafè Allgemein, können Sie natürlich auch<br />Brotocnik – Brot kaufen. Wir haben immer eine kleine<br />Auswahl vorrätig. Jedes andere Brot aus dem Prospekt<br />können Sie ein Tag vorher bei uns vorbestellen.</h6>
<h6>Unter:</h6>
<h6><a href="mailto:kontakt@cafeallgemein.at" target="_blank" rel="noopener">kontakt@cafeallgemein.at</a></h6>
<h6>oder:</h6>
<h6>+43 19605790</h6>
<h6>+43 660 6808940</h6>
<p>[/vc_column_text][/vc_column_inner][/vc_row_inner][/vc_column][/vc_row][vc_row disable_element=&#8221;yes&#8221;][vc_column][vc_row_inner][vc_column_inner el_class=&#8221;fcc&#8221;][/vc_column_inner][/vc_row_inner][/vc_column][/vc_row]</p>

<p>[vc_row][vc_column css=&#8221;.vc_custom_1653135868715{background-image: url(https://cafeallgemein.at/wp-content/uploads/revslider/landing-bakcground-img-1.jpg?id=3334) !important;}&#8221;][vc_row_inner][vc_column_inner width=&#8221;1/2&#8243;][vc_column_text] [/vc_column_text][vc_empty_space height=&#8221;20px&#8221;][/vc_column_inner][vc_column_inner width=&#8221;1/2&#8243; css=&#8221;.vc_custom_1656166010094{padding-right: 40px !important;padding-left: 40px !important;}&#8221;][vc_column_text] Hier im Cafè Allgemein, können Sie natürlich auchBrotocnik – Brot kaufen. Wir haben immer eine kleineAuswahl vorrätig. Jedes andere Brot aus dem Prospektkönnen Sie ein Tag vorher bei uns vorbestellen. Unter: kontakt@cafeallgemein.at oder: +43 19605790 +43 660 6808940 [/vc_column_text][/vc_column_inner][/vc_row_inner][/vc_column][/vc_row][vc_row disable_element=&#8221;yes&#8221;][vc_column][vc_row_inner][vc_column_inner el_class=&#8221;fcc&#8221;][/vc_column_inner][/vc_row_inner][/vc_column][/vc_row]</p>
